{"id":49,"date":"2008-10-08T19:16:31","date_gmt":"2008-10-08T17:16:31","guid":{"rendered":"http:\/\/www.koksteam.se\/wp\/?page_id=49"},"modified":"2023-08-07T22:11:23","modified_gmt":"2023-08-07T20:11:23","slug":"lackerade-luckor","status":"publish","type":"page","link":"https:\/\/www.koksteam.se\/index.php\/sortiment\/lackerade-luckor\/","title":{"rendered":"Lackerade luckor"},"content":{"rendered":"<p><img decoding=\"async\" class=\"  alignright\" style=\"border: 1px solid black; margin-left: 3px; margin-right: 3px;\" src=\"http:\/\/www.koksteam.se\/wp-content\/uploads\/2012\/02\/profiler.jpg\" alt=\"\" width=\"124\" height=\"257\" \/><\/p>\n<p>Lackerade luckor &#8211; sp\u00e5rfr\u00e4sta luckor lackerade i en m\u00e4ngd f\u00e4rger, modeller, tjocklekar och kantprofiler.<\/p>\n<p>Alla luckor g\u00e5r \u00e4ven att f\u00e5 penselm\u00e5lade eller hand\u00e5drade.\u00a0 Du kan \u00e4ven f\u00e5 din lucka med en dekorm\u00e5lning.<\/p>\n<p><span style=\"text-decoration: underline;\"><strong>Se en del ur v\u00e5rt sortiment <a href=\"https:\/\/www.novaflex.se\/koksluckor\/lackerade\/\" title=\"Lackerade\">h\u00e4r<\/a><\/strong><\/span><\/p>\n","protected":false},"excerpt":{"rendered":"<p>Lackerade luckor &#8211; sp\u00e5rfr\u00e4sta luckor lackerade i en m\u00e4ngd f\u00e4rger, modeller, tjocklekar och kantprofiler. Alla luckor g\u00e5r \u00e4ven att f\u00e5 penselm\u00e5lade eller hand\u00e5drade.\u00a0 Du kan \u00e4ven f\u00e5 din lucka med en dekorm\u00e5lning. Se en del ur v\u00e5rt sortiment h\u00e4r<\/p>\n","protected":false},"author":1,"featured_media":0,"parent":42,"menu_order":3,"comment_status":"closed","ping_status":"open","template":"","meta":{"om_disable_all_campaigns":false,"_monsterinsights_skip_tracking":false,"_monsterinsights_sitenote_active":false,"_monsterinsights_sitenote_note":"","_monsterinsights_sitenote_category":0,"footnotes":""},"class_list":["post-49","page","type-page","status-publish","hentry"],"aioseo_notices":[],"_links":{"self":[{"href":"https:\/\/www.koksteam.se\/index.php\/wp-json\/wp\/v2\/pages\/49","targetHints":{"allow":["GET"]}}],"collection":[{"href":"https:\/\/www.koksteam.se\/index.php\/wp-json\/wp\/v2\/pages"}],"about":[{"href":"https:\/\/www.koksteam.se\/index.php\/wp-json\/wp\/v2\/types\/page"}],"author":[{"embeddable":true,"href":"https:\/\/www.koksteam.se\/index.php\/wp-json\/wp\/v2\/users\/1"}],"replies":[{"embeddable":true,"href":"https:\/\/www.koksteam.se\/index.php\/wp-json\/wp\/v2\/comments?post=49"}],"version-history":[{"count":15,"href":"https:\/\/www.koksteam.se\/index.php\/wp-json\/wp\/v2\/pages\/49\/revisions"}],"predecessor-version":[{"id":280,"href":"https:\/\/www.koksteam.se\/index.php\/wp-json\/wp\/v2\/pages\/49\/revisions\/280"}],"up":[{"embeddable":true,"href":"https:\/\/www.koksteam.se\/index.php\/wp-json\/wp\/v2\/pages\/42"}],"wp:attachment":[{"href":"https:\/\/www.koksteam.se\/index.php\/wp-json\/wp\/v2\/media?parent=49"}],"curies":[{"name":"wp","href":"https:\/\/api.w.org\/{rel}","templated":true}]}}